{"id":2,"date":"2023-02-21T19:11:05","date_gmt":"2023-02-21T19:11:05","guid":{"rendered":"http:\/\/www.sprosko.cal24.pl\/tppw\/?page_id=2"},"modified":"2024-02-02T22:01:06","modified_gmt":"2024-02-02T22:01:06","slug":"sample-page","status":"publish","type":"page","link":"http:\/\/www.sprosko.cal24.pl\/tppw\/sample-page\/","title":{"rendered":"Biogramy powsta\u0144c\u00f3w"},"content":{"rendered":"<p data-t=\"{&quot;n&quot;:&quot;blueLinks&quot;}\"><strong>Powsta\u0144cy z Wrzeszczyny<\/strong><\/p>\n<table width=\"555\">\n<tbody>\n<tr>\n<td width=\"555\">Duhr Sylwester<\/td>\n<\/tr>\n<tr>\n<td width=\"555\">Dymek Sylwester<\/td>\n<\/tr>\n<tr>\n<td width=\"555\">Dymek Teofil<\/td>\n<\/tr>\n<tr>\n<td width=\"555\">Fr\u0119\u015bko Franciszek<\/td>\n<\/tr>\n<tr>\n<td width=\"555\">G\u00f3\u017ad\u017a Maksymilian<\/td>\n<\/tr>\n<tr>\n<td width=\"555\">Hubert Czes\u0142aw<\/td>\n<\/tr>\n<tr>\n<td width=\"555\">Kaszuba Franciszek<\/td>\n<\/tr>\n<tr>\n<td width=\"555\">Kaszuba Maksymilian<\/td>\n<\/tr>\n<tr>\n<td width=\"555\">Ko\u015bmider Antoni<\/td>\n<\/tr>\n<tr>\n<td width=\"555\">Ko\u015bmider Nikodem<\/td>\n<\/tr>\n<tr>\n<td width=\"555\">Kotowski Robert<\/td>\n<\/tr>\n<tr>\n<td width=\"555\">Koza Boles\u0142aw<\/td>\n<\/tr>\n<tr>\n<td width=\"555\">Koza Sylwester<\/td>\n<\/tr>\n<tr>\n<td width=\"555\">Krystek Chryzostom<\/td>\n<\/tr>\n<tr>\n<td width=\"555\">Krystek Franciszek<\/td>\n<\/tr>\n<tr>\n<td width=\"555\">Krystek Ignacy<\/td>\n<\/tr>\n<tr>\n<td width=\"555\">Krystek Nikodem<\/td>\n<\/tr>\n<tr>\n<td width=\"555\">Krystek Leon<\/td>\n<\/tr>\n<tr>\n<td width=\"555\">\u0141u\u015b Franciszek<\/td>\n<\/tr>\n<tr>\n<td width=\"555\">\u0141u\u015b Teodor<\/td>\n<\/tr>\n<tr>\n<td width=\"555\">\u0141u\u015b Wanda<\/td>\n<\/tr>\n<tr>\n<td width=\"555\">Matuszczak Pawe\u0142<\/td>\n<\/tr>\n<tr>\n<td width=\"555\">Mumot Jan<\/td>\n<\/tr>\n<tr>\n<td width=\"555\">Nawrot Franciszek<\/td>\n<\/tr>\n<tr>\n<td width=\"555\">Nawrot Piotr<\/td>\n<\/tr>\n<tr>\n<td width=\"555\">Nawrot Wawrzyniec<\/td>\n<\/tr>\n<tr>\n<td width=\"555\">Pauka Jan<\/td>\n<\/tr>\n<tr>\n<td width=\"555\">Pauka Micha\u0142<\/td>\n<\/tr>\n<tr>\n<td width=\"555\">Pi\u0105tek Jan<\/td>\n<\/tr>\n<tr>\n<td width=\"555\">R\u0105czka J\u00f3zef<\/td>\n<\/tr>\n<tr>\n<td width=\"555\">R\u0105czka Sylwester<\/td>\n<\/tr>\n<tr>\n<td width=\"555\">Ry\u017cek Sylwester<\/td>\n<\/tr>\n<tr>\n<td width=\"555\">Sobkowiak Wojciech<\/td>\n<\/tr>\n<tr>\n<td width=\"555\">Sotek Wojciech<\/td>\n<\/tr>\n<tr>\n<td width=\"555\">Stochaj Franciszek<\/td>\n<\/tr>\n<tr>\n<td width=\"555\">Stochaj Jan<\/td>\n<\/tr>\n<tr>\n<td width=\"555\">Spychalski Jan<\/td>\n<\/tr>\n<tr>\n<td width=\"555\">Wachowiak Micha\u0142<\/td>\n<\/tr>\n<tr>\n<td width=\"555\">Wachowiak Micha\u0142<\/td>\n<\/tr>\n<tr>\n<td width=\"555\">Wachowiak Teodor<\/td>\n<\/tr>\n<tr>\n<td width=\"555\">Witka Franciszek<\/td>\n<\/tr>\n<tr>\n<td width=\"555\">Zofka Franciszek<\/td>\n<\/tr>\n<tr>\n<td width=\"555\">Zofka Micha\u0142<\/td>\n<\/tr>\n<tr>\n<td width=\"555\">Zofka Teodor<\/td>\n<\/tr>\n<\/tbody>\n<\/table>\n","protected":false},"excerpt":{"rendered":"<p>Powsta\u0144cy z Wrzeszczyny Duhr Sylwester Dymek Sylwester Dymek Teofil Fr\u0119\u015bko Franciszek G\u00f3\u017ad\u017a Maksymilian Hubert Czes\u0142aw Kaszuba Franciszek Kaszuba Maksymilian Ko\u015bmider Antoni Ko\u015bmider Nikodem Kotowski Robert Koza Boles\u0142aw Koza Sylwester Krystek Chryzostom Krystek Franciszek Krystek Ignacy Krystek Nikodem Krystek Leon \u0141u\u015b Franciszek \u0141u\u015b Teodor \u0141u\u015b Wanda Matuszczak Pawe\u0142 Mumot Jan Nawrot Franciszek Nawrot Piotr Nawrot Wawrzyniec&#8230;<\/p>\n","protected":false},"author":1,"featured_media":0,"parent":0,"menu_order":0,"comment_status":"closed","ping_status":"open","template":"","meta":{"footnotes":""},"_links":{"self":[{"href":"http:\/\/www.sprosko.cal24.pl\/tppw\/wp-json\/wp\/v2\/pages\/2"}],"collection":[{"href":"http:\/\/www.sprosko.cal24.pl\/tppw\/wp-json\/wp\/v2\/pages"}],"about":[{"href":"http:\/\/www.sprosko.cal24.pl\/tppw\/wp-json\/wp\/v2\/types\/page"}],"author":[{"embeddable":true,"href":"http:\/\/www.sprosko.cal24.pl\/tppw\/wp-json\/wp\/v2\/users\/1"}],"replies":[{"embeddable":true,"href":"http:\/\/www.sprosko.cal24.pl\/tppw\/wp-json\/wp\/v2\/comments?post=2"}],"version-history":[{"count":5,"href":"http:\/\/www.sprosko.cal24.pl\/tppw\/wp-json\/wp\/v2\/pages\/2\/revisions"}],"predecessor-version":[{"id":196,"href":"http:\/\/www.sprosko.cal24.pl\/tppw\/wp-json\/wp\/v2\/pages\/2\/revisions\/196"}],"wp:attachment":[{"href":"http:\/\/www.sprosko.cal24.pl\/tppw\/wp-json\/wp\/v2\/media?parent=2"}],"curies":[{"name":"wp","href":"https:\/\/api.w.org\/{rel}","templated":true}]}}