{"id":3,"date":"2023-02-21T19:11:05","date_gmt":"2023-02-21T19:11:05","guid":{"rendered":"http:\/\/www.sprosko.cal24.pl\/tppw\/?page_id=3"},"modified":"2024-02-08T22:17:50","modified_gmt":"2024-02-08T22:17:50","slug":"privacy-policy","status":"publish","type":"page","link":"http:\/\/www.sprosko.cal24.pl\/tppw\/privacy-policy\/","title":{"rendered":"Privacy Policy"},"content":{"rendered":"\r\n<h2 class=\"wp-block-heading\">Informacje<\/h2>\r\n<p><strong>Gminne obchody 105. rocznicy Powstania Wielkopolskiego <\/strong><strong>oraz \u015awi\u0119to Patrona SP <\/strong><\/p>\r\n<p>7 lutego 2024r. Gminne obchody 105. rocznicy Powstania Wielkopolskiego oraz \u015awi\u0119to Patrona Szko\u0142y Podstawowej im. Powsta\u0144c\u00f3w Wielkopolskich w Rosku rozpocz\u0119\u0142a msza \u015bw. w Ko\u015bciele pw. \u015bw. Stanis\u0142awa Biskupa celebrowana przez proboszcza ks. Jakuba Turka i \u00a0ks. Marka Marcinkowskiego \u2013 proboszcza parafii pw. \u015aw. Aposto\u0142\u00f3w Piotra i Paw\u0142a w Gulczu.<\/p>\r\n<p>O opraw\u0119 muzyczn\u0105 podczas mszy \u015bw. zadba\u0142a parafialna Schola.<\/p>\r\n<p>Po mszy odby\u0142 si\u0119 Apel Poleg\u0142ych przy pomniku Powsta\u0144c\u00f3w Wielkopolskich, przy kt\u00f3rym zosta\u0142y z\u0142o\u017cone wi\u0105zanki. Nast\u0119pnie wszyscy przeszli do sali gimnastycznej Szko\u0142y Podstawowej, gdzie odby\u0142a si\u0119 uroczysta akademia.<\/p>\r\n<p>W\u015br\u00f3d zaproszonych go\u015bci byli, m.in.\u00a0 Burmistrz Wielenia p. El\u017cbieta Rybarczyk, Wiceprzewodnicz\u0105cy Rady Miejskiej w Wieleniu Marek Doczekalski, Radni Powiatu Czarnkowsko-Trzcianeckiego Szymon Rojewski i Marek Helak, Wiceprezes Zarz\u0105du G\u0142\u00f3wnego TPPW 1918\/1919 w Poznaniu, Roman Grewling, Prezes TPPW 1918\/1919 Ko\u0142o Ziemi Wiele\u0144skiej Miros\u0142aw Nawrot, Prezes Mialskiego Ko\u0142a Towarzystwa Pami\u0119ci Powstania Wielkopolskiego 1918\/19 dr hab. Arkadiusz S\u0142abig, Dyrektor Samorz\u0105dowej Administracji O\u015bwiatowej w Wieleniu p. Przemys\u0142aw Grze\u015bkowiak, Dyrektor CDN w Pile p. Grzegorz Bogacz, doradca metodyczny CDN w Pile p. Marzena Teterus, Dyrektor Miejsko-Gminnego O\u015brodka Pomocy Spo\u0142ecznej w Wieleniu p. Lucyna Nawrot, Dyrektor Administracji Budynk\u00f3w Komunalnych w Wieleniu p. Angelika Pietrzy\u0144ska, Dyrektor Nadnoteckiego Centrum Kultury w Wieleniu Marcin Wa\u015bko, Komendant Komisariatu Policji w Wieleniu aspirant sztabowy Marcin Skotarczyk, Komendant Powiatowy Policji w Czarnkowie podinspektor Miko\u0142aj Szydzik, Komendant Powiatowy PSP w Czarnkowie bryg. Maciej Kubacki, Kierownik Wiejskiego Domu Kultury w Rosku p. Magdalena Plich, przedstawiciele Ch\u00f3ru Lutnia i Ko\u0142a Gospody\u0144 Wiejskich z Roska, dyrektorzy szk\u00f3\u0142 oraz przedstawiciele so\u0142ectw gminy Wiele\u0144 , a tak\u017ce przedstawiciele Rady Rodzic\u00f3w SP w Rosku.<\/p>\r\n<p>Cz\u0119\u015b\u0107 oficjaln\u0105 rozpocz\u0119\u0142o wprowadzenie poczt\u00f3w szk\u00f3\u0142 z terenu Gminy Wiele\u0144,\u00a0 Ch\u00f3ru Lutnia z Roska, K\u00f3\u0142ka Rolniczego z Roska, Gminnego Ko\u0142a PSL w Wieleniu i OSP z\u00a0Roska. Uczniowie klas II i III SP od\u015bpiewali hymn pa\u0144stwowy oraz hymn szko\u0142y.<\/p>\r\n<p>G\u0142os zabrali: Dyrektor Szko\u0142y Podstawowej im. Powsta\u0144c\u00f3w Wielkopolskich w Rosku Roman Fr\u0105ckowiak, Burmistrz Wielenia El\u017cbieta Rybarczyk, Wiceprezes Zarz\u0105du G\u0142\u00f3wnego TPPW 1918\/1919 w Poznaniu\u00a0 Roman Grewling, Prezes TPPW 1918\/1919 Ko\u0142o Ziemi Wiele\u0144skiej Miros\u0142aw Nawrot.<\/p>\r\n<p>O nowej publikacji <em>\u201e A orze\u0142 bia\u0142y zn\u00f3w w gnie\u017adzie swym go\u015bci. Walka o niepodleg\u0142o\u015b\u0107 i granice w powiatach nadnoteckich w latach 1918-1920&#8243;<\/em>,\u00a0 wydanej przez Centrum Doskonalenia Nauczycieli w Pile we wsp\u00f3\u0142pracy z Urz\u0119dem Marsza\u0142kowskim\u00a0Wojew\u00f3dztwa Wielkopolskiego, opowiedzieli Dyrektor CDN p. Grzegorz Bogacz oraz autorzy ksi\u0105\u017cki dr hab. Arkadiusz S\u0142abig nauczyciel Szko\u0142y Podstawowej im. Powsta\u0144c\u00f3w Wielkopolskich w Mia\u0142ach, wyk\u0142adowca Akademii Pomorskiej w S\u0142upsku i Marzena Teterus, nauczycielka historii w Zespole Szk\u00f3\u0142 im. Powsta\u0144c\u00f3w Wielkopolskich w Krzy\u017cu Wielkopolskim, doradca metodyczny Centrum Doskonalenia Nauczycieli w Pile.<\/p>\r\n<p>Listy intencyjne wystosowali: Senator RP Adam Szejnfeld, Pos\u0142anka na Sejm RP Maria Ma\u0142gorzata Janyska ( list odczyta\u0142 radny powiatu Marek Helak ) oraz Wojewoda Wielkopolski p. Agata Sobczyk.<\/p>\r\n<p>Po przem\u00f3wieniach okoliczno\u015bciowych og\u0142oszono wyniki <strong>X Gminnego Konkursu Plastycznego \u201e<\/strong><strong><em>O wolno\u015b\u0107 i niepodleg\u0142o\u015b\u0107. Wok\u00f3\u0142 105. rocznicy Powstania Wielkopolskiego na Ziemi Wiele\u0144skiej\u201d.<\/em><\/strong><\/p>\r\n<p>Uczniowie mieli do wykonania zak\u0142adk\u0119 dwustronn\u0105 sk\u0142adaj\u0105ca si\u0119 z cz\u0119\u015bci graficznej i tekstowej z uwzgl\u0119dnieniem wydarze\u0144 na Ziemi Wiele\u0144skiej podczas Powstania Wielkopolskiego.<\/p>\r\n<p><strong>Laureatami konkursu w kategorii kl. I-IV zostali:<\/strong><\/p>\r\n<p><strong>\u00a0<\/strong>I miejsce Miko\u0142aj Jag\u0142a SP im. Powsta\u0144c\u00f3w Wielkopolskich w Rosku<\/p>\r\n<p>II miejsce Anna Bzdr\u0119ga SP im. Powsta\u0144c\u00f3w Wielkopolskich w Rosku<\/p>\r\n<p>III miejsce Maja Koza SP im. Powsta\u0144c\u00f3w Wielkopolskich w Rosku<\/p>\r\n<p><strong>Wyr\u00f3\u017cnienia<\/strong><\/p>\r\n<p><strong>\u00a0<\/strong>Hubert Kowal\u00a0\u00a0 SP im. Polonii Ameryka\u0144skiej w Gulczu<\/p>\r\n<p>Zuzanna \u0141agodzi\u0144ska\u00a0 SP im. Polonii Ameryka\u0144skiej w Gulczu<\/p>\r\n<p>Aleksander\u00a0 Bendkowski\u00a0 SP im. Powsta\u0144c\u00f3w Wielkopolskich w Rosku<\/p>\r\n<p>Dorota Helak SP im. Powsta\u0144c\u00f3w Wielkopolskich w Rosku<\/p>\r\n<p><strong>W<\/strong> <strong>kategorii klas V-VIII<\/strong><\/p>\r\n<p>I miejsce Eryk Kupis SP im. Powsta\u0144c\u00f3w Wielkopolskich w Rosku<\/p>\r\n<p>II miejsce Maria Wielgosz SP im. Powsta\u0144c\u00f3w Wielkopolskich w Rosku<\/p>\r\n<p>II miejsce Lena Gogo\u0142ek SP im. Polonii Ameryka\u0144skiej w Gulczu<\/p>\r\n<p>III miejsce Wojciech Piechowiak SP im. Powsta\u0144c\u00f3w Wielkopolskich w Mia\u0142ach<\/p>\r\n<p><strong>Wyr\u00f3\u017cnienia<\/strong><\/p>\r\n<p><strong>\u00a0<\/strong>Micha\u0142 Rogalski SP im. Powsta\u0144c\u00f3w Wielkopolskich w Rosku<\/p>\r\n<p>Szymon Fr\u0105ckowiak SP im. Powsta\u0144c\u00f3w Wielkopolskich w Rosku<\/p>\r\n<p>Konkursu Nagrody ufundowa\u0142 Urz\u0105d Miejski w Wieleniu.<\/p>\r\n<p>Cz\u0119\u015b\u0107 oficjaln\u0105 u\u015bwietni\u0142 monta\u017c s\u0142owno \u2013 muzyczny w wykonaniu uczni\u00f3w i Scholi. <strong><em>O jak\u0105 Polsk\u0119 walczyli powsta\u0144cy wielkopolscy i jak\u0105 dzisiaj chcemy J\u0105 mie\u0107<\/em><\/strong> by\u0142o mottem przewodnim tegorocznego \u015awi\u0119ta Patrona.<\/p>\r\n<p>Na zako\u0144czenie uroczysto\u015bci p. Roman Fr\u0105ckowiak\u00a0 skierowa\u0142 podzi\u0119kowania do wszystkich, kt\u00f3rzy zaanga\u017cowali si\u0119 w przygotowanie tego wznios\u0142ego wydarzenia.<\/p>\r\n<p>Go\u015bcie, jak i uczniowie, mogli zwiedzi\u0107 wystaw\u0119 o powstaniu wielkopolskim. Pomoc w przygotowaniu okazali Zbigniew Stochaj, kt\u00f3ry udost\u0119pni\u0142 swoje zbiory oraz\u00a0 Robert Maciejewski \u2013 kustosz Muzeum Powstania Wielkopolskiego w Poznaniu.<\/p>\r\n<p>Powsta\u0144cy Wielkopolscy zajmuj\u0105 szczeg\u00f3lne miejsce w historii ma\u0142ej ojczyzny i cho\u0107 nie \u017cyje ju\u017c \u017caden z bohater\u00f3w, ich po\u015bwi\u0119cenie nadal \u017cyje w pami\u0119ci kolejnych pokole\u0144.<\/p>\r\n<p>\u00a0\u00a0\u00a0\u00a0\u00a0\u00a0\u00a0\u00a0\u00a0\u00a0\u00a0\u00a0\u00a0\u00a0\u00a0\u00a0\u00a0\u00a0\u00a0\u00a0\u00a0\u00a0\u00a0\u00a0\u00a0\u00a0\u00a0\u00a0\u00a0\u00a0\u00a0\u00a0\u00a0\u00a0\u00a0\u00a0\u00a0\u00a0\u00a0\u00a0\u00a0\u00a0\u00a0\u00a0\u00a0\u00a0\u00a0\u00a0\u00a0\u00a0\u00a0\u00a0\u00a0\u00a0\u00a0\u00a0\u00a0\u00a0\u00a0\u00a0\u00a0\u00a0\u00a0\u00a0\u00a0\u00a0\u00a0\u00a0\u00a0\u00a0\u00a0\u00a0\u00a0\u00a0\u00a0\u00a0\u00a0\u00a0\u00a0\u00a0\u00a0\u00a0\u00a0\u00a0\u00a0\u00a0\u00a0\u00a0\u00a0\u00a0\u00a0\u00a0\u00a0 Violetta Wojta\u015b<\/p>\r\n","protected":false},"excerpt":{"rendered":"<p>Informacje Gminne obchody 105. rocznicy Powstania Wielkopolskiego oraz \u015awi\u0119to Patrona SP 7 lutego 2024r. Gminne obchody 105. rocznicy Powstania Wielkopolskiego oraz \u015awi\u0119to Patrona Szko\u0142y Podstawowej im. Powsta\u0144c\u00f3w Wielkopolskich w Rosku rozpocz\u0119\u0142a msza \u015bw. w Ko\u015bciele pw. \u015bw. Stanis\u0142awa Biskupa celebrowana przez proboszcza ks. Jakuba Turka i \u00a0ks. Marka Marcinkowskiego \u2013 proboszcza parafii pw. \u015aw. Aposto\u0142\u00f3w&#8230;<\/p>\n","protected":false},"author":1,"featured_media":0,"parent":0,"menu_order":0,"comment_status":"closed","ping_status":"open","template":"","meta":{"footnotes":""},"_links":{"self":[{"href":"http:\/\/www.sprosko.cal24.pl\/tppw\/wp-json\/wp\/v2\/pages\/3"}],"collection":[{"href":"http:\/\/www.sprosko.cal24.pl\/tppw\/wp-json\/wp\/v2\/pages"}],"about":[{"href":"http:\/\/www.sprosko.cal24.pl\/tppw\/wp-json\/wp\/v2\/types\/page"}],"author":[{"embeddable":true,"href":"http:\/\/www.sprosko.cal24.pl\/tppw\/wp-json\/wp\/v2\/users\/1"}],"replies":[{"embeddable":true,"href":"http:\/\/www.sprosko.cal24.pl\/tppw\/wp-json\/wp\/v2\/comments?post=3"}],"version-history":[{"count":6,"href":"http:\/\/www.sprosko.cal24.pl\/tppw\/wp-json\/wp\/v2\/pages\/3\/revisions"}],"predecessor-version":[{"id":207,"href":"http:\/\/www.sprosko.cal24.pl\/tppw\/wp-json\/wp\/v2\/pages\/3\/revisions\/207"}],"wp:attachment":[{"href":"http:\/\/www.sprosko.cal24.pl\/tppw\/wp-json\/wp\/v2\/media?parent=3"}],"curies":[{"name":"wp","href":"https:\/\/api.w.org\/{rel}","templated":true}]}}